{"id":3784,"date":"2024-11-15T11:31:38","date_gmt":"2024-11-15T11:31:38","guid":{"rendered":"https:\/\/www.kutahyaosb.org.tr\/last\/home\/?page_id=3784"},"modified":"2024-12-02T14:55:28","modified_gmt":"2024-12-02T14:55:28","slug":"okul","status":"publish","type":"page","link":"https:\/\/www.kutahyaosb.org.tr\/last\/home\/okul\/","title":{"rendered":"Okul"},"content":{"rendered":"\t\t<div data-elementor-type=\"wp-page\" data-elementor-id=\"3784\" class=\"elementor elementor-3784\">\n\t\t\t\t<div class=\"elementor-element elementor-element-c2d4e5f elementor-hidden-tablet elementor-hidden-mobile e-flex e-con-boxed e-con e-parent\" data-id=\"c2d4e5f\" data-element_type=\"container\">\n\t\t\t\t\t<div class=\"e-con-inner\">\n\t\t\t\t<div class=\"elementor-element elementor-element-bf78f0c elementor-widget elementor-widget-spacer\" data-id=\"bf78f0c\" data-element_type=\"widget\" data-widget_type=\"spacer.default\">\n\t\t\t\t<div class=\"elementor-widget-container\">\n\t\t\t\t\t\t\t<div class=\"elementor-spacer\">\n\t\t\t<div class=\"elementor-spacer-inner\"><\/div>\n\t\t<\/div>\n\t\t\t\t\t\t<\/div>\n\t\t\t\t<\/div>\n\t\t\t\t\t<\/div>\n\t\t\t\t<\/div>\n\t\t<div class=\"elementor-element elementor-element-9ba5b49 e-flex e-con-boxed e-con e-parent\" data-id=\"9ba5b49\" data-element_type=\"container\">\n\t\t\t\t\t<div class=\"e-con-inner\">\n\t\t\t\t<div class=\"elementor-element elementor-element-3cbb528 elementor-widget elementor-widget-ct_heading\" data-id=\"3cbb528\" data-element_type=\"widget\" data-widget_type=\"ct_heading.default\">\n\t\t\t\t<div class=\"elementor-widget-container\">\n\t\t\t\t\t<div class=\"ct-heading h-align-left  sub-style1 ct-heading-left item-st-default\">\n\t\t\t<div class=\"item--sub-title style1 show-line\">\n                        E\u011e\u0130T\u0130M                                <\/div>\n\t    <h3 class=\"item--title st-default \" data-wow-delay=\"ms\">\n                <span class=\"sp-main\">\n            \n            TOBB K\u00dcTAHYA OSB MESLEK\u0130 VE TEKN\u0130K ANADOLU L\u0130SES\u0130\n            \n                    <\/span>\n            <\/h3>\n<\/div>\t\t\t\t<\/div>\n\t\t\t\t<\/div>\n\t\t\t\t<div class=\"elementor-element elementor-element-9f1e75c elementor-widget elementor-widget-image\" data-id=\"9f1e75c\" data-element_type=\"widget\" data-widget_type=\"image.default\">\n\t\t\t\t<div class=\"elementor-widget-container\">\n\t\t\t\t\t\t\t\t\t\t\t\t\t\t\t<img decoding=\"async\" src=\"https:\/\/www.kutahyaosb.org.tr\/last\/Y%C3%BCklemeler\/DENEME%20G%C3%96RSELLER%C4%B0\/okul.jpg?_t=1731414962\" title=\"\" alt=\"\" loading=\"lazy\" \/>\t\t\t\t\t\t\t\t\t\t\t\t\t\t\t<\/div>\n\t\t\t\t<\/div>\n\t\t<div class=\"elementor-element elementor-element-c027779 e-grid e-con-full e-con e-child\" data-id=\"c027779\" data-element_type=\"container\">\n\t\t\t\t<div class=\"elementor-element elementor-element-c9b657a elementor-widget elementor-widget-image\" data-id=\"c9b657a\" data-element_type=\"widget\" data-widget_type=\"image.default\">\n\t\t\t\t<div class=\"elementor-widget-container\">\n\t\t\t\t\t\t\t\t\t\t\t\t\t\t\t\t<a href=\"https:\/\/www.kutahyaosb.org.tr\/last\/Y%C3%BCklemeler\/Haber\/04-TOBB%20Ba%C5%9Fkan%C4%B1\/IMG_1013.JPG?_t=1726130843\" data-elementor-open-lightbox=\"yes\" data-e-action-hash=\"#elementor-action%3Aaction%3Dlightbox%26settings%3DW10%3D\">\n\t\t\t\t\t\t\t<img decoding=\"async\" src=\"https:\/\/www.kutahyaosb.org.tr\/last\/Y%C3%BCklemeler\/Haber\/04-TOBB%20Ba%C5%9Fkan%C4%B1\/IMG_1013.JPG?_t=1726130843\" title=\"\" alt=\"\" loading=\"lazy\" \/>\t\t\t\t\t\t\t\t<\/a>\n\t\t\t\t\t\t\t\t\t\t\t\t\t\t\t<\/div>\n\t\t\t\t<\/div>\n\t\t\t\t<div class=\"elementor-element elementor-element-67857bb elementor-widget elementor-widget-image\" data-id=\"67857bb\" data-element_type=\"widget\" data-widget_type=\"image.default\">\n\t\t\t\t<div class=\"elementor-widget-container\">\n\t\t\t\t\t\t\t\t\t\t\t\t\t\t\t\t<a href=\"https:\/\/www.kutahyaosb.org.tr\/last\/Y%C3%BCklemeler\/Hizmetler\/1.jpg?_t=1733151258\" data-elementor-open-lightbox=\"yes\" data-e-action-hash=\"#elementor-action%3Aaction%3Dlightbox%26settings%3DW10%3D\">\n\t\t\t\t\t\t\t<img decoding=\"async\" src=\"https:\/\/www.kutahyaosb.org.tr\/last\/Y%C3%BCklemeler\/Hizmetler\/1.jpg?_t=1733151258\" title=\"\" alt=\"\" loading=\"lazy\" \/>\t\t\t\t\t\t\t\t<\/a>\n\t\t\t\t\t\t\t\t\t\t\t\t\t\t\t<\/div>\n\t\t\t\t<\/div>\n\t\t\t\t<div class=\"elementor-element elementor-element-7b91c40 elementor-widget elementor-widget-image\" data-id=\"7b91c40\" data-element_type=\"widget\" data-widget_type=\"image.default\">\n\t\t\t\t<div class=\"elementor-widget-container\">\n\t\t\t\t\t\t\t\t\t\t\t\t\t\t\t\t<a href=\"https:\/\/www.kutahyaosb.org.tr\/last\/Y%C3%BCklemeler\/Hizmetler\/2.jpg?_t=1733151258\" data-elementor-open-lightbox=\"yes\" data-e-action-hash=\"#elementor-action%3Aaction%3Dlightbox%26settings%3DW10%3D\">\n\t\t\t\t\t\t\t<img decoding=\"async\" src=\"https:\/\/www.kutahyaosb.org.tr\/last\/Y%C3%BCklemeler\/Hizmetler\/2.jpg?_t=1733151258\" title=\"\" alt=\"\" loading=\"lazy\" \/>\t\t\t\t\t\t\t\t<\/a>\n\t\t\t\t\t\t\t\t\t\t\t\t\t\t\t<\/div>\n\t\t\t\t<\/div>\n\t\t\t\t<div class=\"elementor-element elementor-element-a6738c1 elementor-widget elementor-widget-image\" data-id=\"a6738c1\" data-element_type=\"widget\" data-widget_type=\"image.default\">\n\t\t\t\t<div class=\"elementor-widget-container\">\n\t\t\t\t\t\t\t\t\t\t\t\t\t\t\t\t<a href=\"https:\/\/www.kutahyaosb.org.tr\/last\/Y%C3%BCklemeler\/Haber\/04-TOBB%20Ba%C5%9Fkan%C4%B1\/IMG_0954.JPG?_t=1726130843\" data-elementor-open-lightbox=\"yes\" data-e-action-hash=\"#elementor-action%3Aaction%3Dlightbox%26settings%3DW10%3D\">\n\t\t\t\t\t\t\t<img decoding=\"async\" src=\"https:\/\/www.kutahyaosb.org.tr\/last\/Y%C3%BCklemeler\/Haber\/04-TOBB%20Ba%C5%9Fkan%C4%B1\/IMG_0954.JPG?_t=1726130843\" title=\"\" alt=\"\" loading=\"lazy\" \/>\t\t\t\t\t\t\t\t<\/a>\n\t\t\t\t\t\t\t\t\t\t\t\t\t\t\t<\/div>\n\t\t\t\t<\/div>\n\t\t\t\t<\/div>\n\t\t\t\t\t<\/div>\n\t\t\t\t<\/div>\n\t\t<div class=\"elementor-element elementor-element-2d34df8 e-grid e-con-boxed e-con e-parent\" data-id=\"2d34df8\" data-element_type=\"container\">\n\t\t\t\t\t<div class=\"e-con-inner\">\n\t\t<div class=\"elementor-element elementor-element-9a32217 e-con-full e-flex e-con e-child\" data-id=\"9a32217\" data-element_type=\"container\">\n\t\t\t\t<div class=\"elementor-element elementor-element-4d26ccb elementor-widget elementor-widget-text-editor\" data-id=\"4d26ccb\" data-element_type=\"widget\" data-widget_type=\"text-editor.default\">\n\t\t\t\t<div class=\"elementor-widget-container\">\n\t\t\t\t\t\t\t\t\t<p><span style=\"color: #000000;\">K\u00fctahya\u2019n\u0131n sanayi merkezinde yer alan TOBB K\u00fctahya OSB Mesleki ve Teknik Anadolu Lisesi, \u00f6\u011frencilere yaln\u0131zca bir meslek de\u011fil, ayn\u0131 zamanda g\u00fc\u00e7l\u00fc bir gelecek sunuyor. Hem kaliteli bir akademik e\u011fitim hem de sanayiyle i\u00e7 i\u00e7e uygulamal\u0131 e\u011fitim imk\u00e2n\u0131 sa\u011flayan okulumuz, \u00f6\u011frencilerimizi i\u015f d\u00fcnyas\u0131n\u0131n gereksinimlerine uygun nitelikli bireyler olarak yeti\u015ftiriyor. \u0130\u015fte TOBB K\u00fctahya OSB Mesleki ve Teknik Anadolu Lisesi\u2019ni \u00f6zel k\u0131lan avantajlar:<\/span><\/p><p><span style=\"color: #000000;\"><strong>Sanayi ile \u0130\u00e7 \u0130\u00e7e E\u011fitim:<\/strong> K\u00fctahya OSB\u2019nin merkezinde konumlanan okulumuz, \u00f6\u011frencilerimize sekt\u00f6r\u00fc yak\u0131ndan tan\u0131ma ve daha \u00f6\u011frenciyken i\u015f d\u00fcnyas\u0131n\u0131n dinamiklerini ke\u015ffetme f\u0131rsat\u0131 sunuyor.<\/span><\/p><p><span style=\"color: #000000;\"><strong>Uygulamal\u0131 E\u011fitim Olanaklar\u0131:<\/strong> Son teknoloji at\u00f6lyeler ve laboratuvarlarda \u00f6\u011frenciler teoriyi prati\u011fe d\u00f6n\u00fc\u015ft\u00fcrerek sekt\u00f6r\u00fcn ihtiya\u00e7 duydu\u011fu donan\u0131m\u0131 kazan\u0131yor. Bu sayede mezun olduklar\u0131nda i\u015f d\u00fcnyas\u0131na h\u0131zl\u0131ca uyum sa\u011fl\u0131yorlar.<\/span><\/p><p><span style=\"color: #000000;\"><strong>Geni\u015f \u0130stihdam Olanaklar\u0131:<\/strong> K\u00fctahya OSB\u2019deki sanayi kurulu\u015flar\u0131yla yap\u0131lan i\u015f birlikleri, \u00f6\u011frencilerimize mezun olduktan sonra i\u015f bulma konusunda b\u00fcy\u00fck bir avantaj sa\u011fl\u0131yor.<\/span><\/p><p><span style=\"color: #000000;\"><strong>\u00dccretsiz K\u0131yafet:<\/strong> \u00d6\u011frencilerimize her y\u0131l \u00fccretsiz okul k\u0131yafeti temin edilerek e\u011fitimde e\u015fitlik sa\u011flan\u0131yor ve ailelere ekonomik destek sunuluyor.<\/span><\/p><p><span style=\"color: #000000;\"><strong>\u00dccretsiz Servis \u0130mk\u00e2n\u0131:<\/strong> K\u00fctahya \u015fehir merkezinden okula g\u00fcvenli ve konforlu ula\u015f\u0131m sa\u011flamak i\u00e7in \u00fccretsiz servis hizmeti sunuluyor.<\/span><\/p><p><span style=\"color: #000000;\"><strong>\u00dccretsiz Yemek Hizmeti:<\/strong> \u00d6\u011frencilerimizin sa\u011fl\u0131kl\u0131 ve dengeli beslenmeleri i\u00e7in her g\u00fcn \u00fccretsiz yemek hizmeti sa\u011flan\u0131yor.<\/span><\/p><p><span style=\"color: #000000;\"><strong>Staj ve \u0130\u015fba\u015f\u0131 Deneyimi:<\/strong> Okulumuz, \u00f6\u011frencilerimize K\u00fctahya OSB\u2019deki firmalarda staj yapma imk\u00e2n\u0131 sunarak onlar\u0131n i\u015f hayat\u0131na en iyi \u015fekilde haz\u0131rlanmalar\u0131n\u0131 sa\u011fl\u0131yor.<\/span><\/p><p><span style=\"color: #000000;\"><strong>Alan\u0131nda Uzman E\u011fitim Kadrosu:<\/strong> Tecr\u00fcbeli ve alan\u0131nda uzman e\u011fitim kadromuz, \u00f6\u011frencilerimizin mesleki ve akademik geli\u015fimlerini en iyi \u015fekilde destekliyor.<\/span><\/p>\t\t\t\t\t\t\t\t<\/div>\n\t\t\t\t<\/div>\n\t\t\t\t<\/div>\n\t\t<div class=\"elementor-element elementor-element-0f7c63c e-con-full e-flex e-con e-child\" data-id=\"0f7c63c\" data-element_type=\"container\">\n\t\t\t\t<div class=\"elementor-element elementor-element-d41ed1d elementor-widget elementor-widget-image\" data-id=\"d41ed1d\" data-element_type=\"widget\" data-widget_type=\"image.default\">\n\t\t\t\t<div class=\"elementor-widget-container\">\n\t\t\t\t\t\t\t\t\t\t\t\t\t\t\t<img decoding=\"async\" src=\"https:\/\/www.kutahyaosb.org.tr\/last\/Y\u00fcklemeler\/DENEME%20G\u00d6RSELLER\u0130\/GG_1.png?_t=1731670496\" title=\"\" alt=\"\" loading=\"lazy\" \/>\t\t\t\t\t\t\t\t\t\t\t\t\t\t\t<\/div>\n\t\t\t\t<\/div>\n\t\t\t\t<div class=\"elementor-element elementor-element-3521bc5 elementor-widget elementor-widget-ct_heading\" data-id=\"3521bc5\" data-element_type=\"widget\" data-widget_type=\"ct_heading.default\">\n\t\t\t\t<div class=\"elementor-widget-container\">\n\t\t\t\t\t<div class=\"ct-heading h-align-  sub- ct-heading-left item-st-line-top2\">\n\t    <h3 class=\"item--title st-line-top2 \" data-wow-delay=\"ms\">\n                    <div class=\"ct-heading-divider\"><span><\/span><\/div>\n                <span class=\"sp-main\">\n            \n            TOBB K\u00dcTAHYA OSB MTAL SOSYAL MEDYA HESAPLARI\n            \n                    <\/span>\n            <\/h3>\n<\/div>\t\t\t\t<\/div>\n\t\t\t\t<\/div>\n\t\t\t\t<div class=\"elementor-element elementor-element-5fe9029 elementor-shape-rounded elementor-grid-0 e-grid-align-center elementor-widget elementor-widget-social-icons\" data-id=\"5fe9029\" data-element_type=\"widget\" data-widget_type=\"social-icons.default\">\n\t\t\t\t<div class=\"elementor-widget-container\">\n\t\t\t\t\t\t\t<div class=\"elementor-social-icons-wrapper elementor-grid\">\n\t\t\t\t\t\t\t<span class=\"elementor-grid-item\">\n\t\t\t\t\t<a class=\"elementor-icon elementor-social-icon elementor-social-icon-instagram elementor-animation-shrink elementor-repeater-item-953b52c\" href=\"https:\/\/www.instagram.com\/kutahya_osb_mtal?igsh=MTBtYmozbmpjMzVjMA==\" target=\"_blank\">\n\t\t\t\t\t\t<span class=\"elementor-screen-only\">Instagram<\/span>\n\t\t\t\t\t\t<i class=\"fab fa-instagram\"><\/i>\t\t\t\t\t<\/a>\n\t\t\t\t<\/span>\n\t\t\t\t\t\t\t<span class=\"elementor-grid-item\">\n\t\t\t\t\t<a class=\"elementor-icon elementor-social-icon elementor-social-icon-flaticonv6-search elementor-animation-shrink elementor-repeater-item-e5d48e5\" href=\"https:\/\/tobbkutahya.meb.k12.tr\" target=\"_blank\">\n\t\t\t\t\t\t<span class=\"elementor-screen-only\">Flaticonv6-search<\/span>\n\t\t\t\t\t\t<i class=\"flaticonv6 flaticonv6-search\"><\/i>\t\t\t\t\t<\/a>\n\t\t\t\t<\/span>\n\t\t\t\t\t<\/div>\n\t\t\t\t\t\t<\/div>\n\t\t\t\t<\/div>\n\t\t\t\t<div class=\"elementor-element elementor-element-172e649 elementor-widget elementor-widget-ct_cta\" data-id=\"172e649\" data-element_type=\"widget\" data-widget_type=\"ct_cta.default\">\n\t\t\t\t<div class=\"elementor-widget-container\">\n\t\t\t\t\t<div class=\"ct-cta1 \">\n            <div class=\"item--holder\">\n            <span class=\"item--title\">\u0130leti\u015fim<\/span>\n            <span class=\"item--desc\">TOBB K\u00fctahya OSB MTAL<\/span>\n        <\/div>\n                <div class=\"item--button\">\n            <a class=\"btn btn-round2\" href=\"tel:\/\/+905438437058\">\n                                    <i aria-hidden=\"true\" class=\"flaticon flaticon-telephone\"><\/i>                                +905438437058            <\/a>\n        <\/div>\n    <\/div>\n\t\t\t\t<\/div>\n\t\t\t\t<\/div>\n\t\t\t\t<\/div>\n\t\t\t\t\t<\/div>\n\t\t\t\t<\/div>\n\t\t\t\t<\/div>\n\t\t","protected":false},"excerpt":{"rendered":"<p>E\u011e\u0130T\u0130M TOBB K\u00dcTAHYA OSB MESLEK\u0130 VE TEKN\u0130K ANADOLU L\u0130SES\u0130 K\u00fctahya\u2019n\u0131n sanayi merkezinde yer alan TOBB K\u00fctahya OSB Mesleki ve Teknik Anadolu Lisesi, \u00f6\u011frencilere yaln\u0131zca bir meslek de\u011fil, ayn\u0131 zamanda g\u00fc\u00e7l\u00fc bir gelecek sunuyor. Hem kaliteli bir akademik e\u011fitim hem de sanayiyle i\u00e7 i\u00e7e uygulamal\u0131 e\u011fitim imk\u00e2n\u0131 sa\u011flayan okulumuz, \u00f6\u011frencilerimizi i\u015f d\u00fcnyas\u0131n\u0131n gereksinimlerine uygun nitelikli bireyler [&hellip;]<\/p>\n","protected":false},"author":1,"featured_media":0,"parent":0,"menu_order":0,"comment_status":"closed","ping_status":"closed","template":"","meta":{"_uag_custom_page_level_css":"","footnotes":""},"class_list":["post-3784","page","type-page","status-publish","hentry"],"uagb_featured_image_src":{"full":false,"thumbnail":false,"medium":false,"medium_large":false,"large":false,"1536x1536":false,"2048x2048":false,"consultio-large":false,"consultio-medium":false,"woocommerce_thumbnail":false,"woocommerce_single":false,"woocommerce_gallery_thumbnail":false,"quick_view_image_size":false},"uagb_author_info":{"display_name":"admin","author_link":"https:\/\/www.kutahyaosb.org.tr\/last\/home\/author\/admin\/"},"uagb_comment_info":0,"uagb_excerpt":"E\u011e\u0130T\u0130M TOBB K\u00dcTAHYA OSB MESLEK\u0130 VE TEKN\u0130K ANADOLU L\u0130SES\u0130 K\u00fctahya\u2019n\u0131n sanayi merkezinde yer alan TOBB K\u00fctahya OSB Mesleki ve Teknik Anadolu Lisesi, \u00f6\u011frencilere yaln\u0131zca bir meslek de\u011fil, ayn\u0131 zamanda g\u00fc\u00e7l\u00fc bir gelecek sunuyor. Hem kaliteli bir akademik e\u011fitim hem de sanayiyle i\u00e7 i\u00e7e uygulamal\u0131 e\u011fitim imk\u00e2n\u0131 sa\u011flayan okulumuz, \u00f6\u011frencilerimizi i\u015f d\u00fcnyas\u0131n\u0131n gereksinimlerine uygun nitelikli bireyler&hellip;","_links":{"self":[{"href":"https:\/\/www.kutahyaosb.org.tr\/last\/home\/wp-json\/wp\/v2\/pages\/3784","targetHints":{"allow":["GET"]}}],"collection":[{"href":"https:\/\/www.kutahyaosb.org.tr\/last\/home\/wp-json\/wp\/v2\/pages"}],"about":[{"href":"https:\/\/www.kutahyaosb.org.tr\/last\/home\/wp-json\/wp\/v2\/types\/page"}],"author":[{"embeddable":true,"href":"https:\/\/www.kutahyaosb.org.tr\/last\/home\/wp-json\/wp\/v2\/users\/1"}],"replies":[{"embeddable":true,"href":"https:\/\/www.kutahyaosb.org.tr\/last\/home\/wp-json\/wp\/v2\/comments?post=3784"}],"version-history":[{"count":34,"href":"https:\/\/www.kutahyaosb.org.tr\/last\/home\/wp-json\/wp\/v2\/pages\/3784\/revisions"}],"predecessor-version":[{"id":4409,"href":"https:\/\/www.kutahyaosb.org.tr\/last\/home\/wp-json\/wp\/v2\/pages\/3784\/revisions\/4409"}],"wp:attachment":[{"href":"https:\/\/www.kutahyaosb.org.tr\/last\/home\/wp-json\/wp\/v2\/media?parent=3784"}],"curies":[{"name":"wp","href":"https:\/\/api.w.org\/{rel}","templated":true}]}}