{"id":4459,"date":"2024-12-09T08:20:28","date_gmt":"2024-12-09T08:20:28","guid":{"rendered":"https:\/\/www.kutahyaosb.org.tr\/last\/home\/?page_id=4459"},"modified":"2025-01-07T11:53:09","modified_gmt":"2025-01-07T11:53:09","slug":"50-yil","status":"publish","type":"page","link":"https:\/\/www.kutahyaosb.org.tr\/last\/home\/50-yil\/","title":{"rendered":"50.Y\u0131l"},"content":{"rendered":"\t\t<div data-elementor-type=\"wp-page\" data-elementor-id=\"4459\" class=\"elementor elementor-4459\">\n\t\t\t\t<div class=\"elementor-element elementor-element-e5565f1 e-flex e-con-boxed e-con e-parent\" data-id=\"e5565f1\" data-element_type=\"container\">\n\t\t\t\t\t<div class=\"e-con-inner\">\n\t\t\t\t<div class=\"elementor-element elementor-element-5724796 elementor-widget elementor-widget-spacer\" data-id=\"5724796\" data-element_type=\"widget\" data-widget_type=\"spacer.default\">\n\t\t\t\t<div class=\"elementor-widget-container\">\n\t\t\t\t\t\t\t<div class=\"elementor-spacer\">\n\t\t\t<div class=\"elementor-spacer-inner\"><\/div>\n\t\t<\/div>\n\t\t\t\t\t\t<\/div>\n\t\t\t\t<\/div>\n\t\t\t\t\t<\/div>\n\t\t\t\t<\/div>\n\t\t<div class=\"elementor-element elementor-element-7e2f56db e-grid e-con-full e-con e-parent\" data-id=\"7e2f56db\" data-element_type=\"container\">\n\t\t\t\t<div class=\"elementor-element elementor-element-4b95ca2c e-transform elementor-widget elementor-widget-text-editor\" data-id=\"4b95ca2c\" data-element_type=\"widget\" data-settings=\"{&quot;_transform_translateX_effect&quot;:{&quot;unit&quot;:&quot;px&quot;,&quot;size&quot;:0,&quot;sizes&quot;:[]},&quot;_transform_translateY_effect&quot;:{&quot;unit&quot;:&quot;px&quot;,&quot;size&quot;:120,&quot;sizes&quot;:[]},&quot;_transform_translateX_effect_tablet&quot;:{&quot;unit&quot;:&quot;px&quot;,&quot;size&quot;:&quot;&quot;,&quot;sizes&quot;:[]},&quot;_transform_translateX_effect_mobile&quot;:{&quot;unit&quot;:&quot;px&quot;,&quot;size&quot;:&quot;&quot;,&quot;sizes&quot;:[]},&quot;_transform_translateY_effect_tablet&quot;:{&quot;unit&quot;:&quot;px&quot;,&quot;size&quot;:&quot;&quot;,&quot;sizes&quot;:[]},&quot;_transform_translateY_effect_mobile&quot;:{&quot;unit&quot;:&quot;px&quot;,&quot;size&quot;:&quot;&quot;,&quot;sizes&quot;:[]}}\" data-widget_type=\"text-editor.default\">\n\t\t\t\t<div class=\"elementor-widget-container\">\n\t\t\t\t\t\t\t\t\t<p>K\u00fctahya Organize Sanayi B\u00f6lgesi, 1974 y\u0131l\u0131nda temellerini atarak, sanayi \u00fcretiminin \u00f6nc\u00fcs\u00fc olma yolunda b\u00fcy\u00fck bir ad\u0131m atm\u0131\u015ft\u0131r. Bug\u00fcn, 50 y\u0131l\u0131 geride b\u0131rak\u0131rken, b\u00f6lgedeki \u00fcretim g\u00fcc\u00fc, teknoloji ve yenilik\u00e7i vizyonu ile K\u00fctahya&#8217;n\u0131n ekonomik geli\u015fimine \u00f6nemli katk\u0131lar sa\u011flamaktad\u0131r.\u00a0<\/p>\t\t\t\t\t\t\t\t<\/div>\n\t\t\t\t<\/div>\n\t\t\t\t<div class=\"elementor-element elementor-element-30c4dd0 elementor-widget elementor-widget-image\" data-id=\"30c4dd0\" data-element_type=\"widget\" data-widget_type=\"image.default\">\n\t\t\t\t<div class=\"elementor-widget-container\">\n\t\t\t\t\t\t\t\t\t\t\t\t\t\t\t<img decoding=\"async\" src=\"https:\/\/www.kutahyaosb.org.tr\/last\/Y\u00fcklemeler\/50.yil\/50%20y\u0131l.png?_t=1734014727\" title=\"\" alt=\"\" loading=\"lazy\" \/>\t\t\t\t\t\t\t\t\t\t\t\t\t\t\t<\/div>\n\t\t\t\t<\/div>\n\t\t\t\t<div class=\"elementor-element elementor-element-da4508e e-transform elementor-widget elementor-widget-text-editor\" data-id=\"da4508e\" data-element_type=\"widget\" data-settings=\"{&quot;_transform_translateY_effect&quot;:{&quot;unit&quot;:&quot;px&quot;,&quot;size&quot;:120,&quot;sizes&quot;:[]},&quot;_transform_translateX_effect&quot;:{&quot;unit&quot;:&quot;px&quot;,&quot;size&quot;:&quot;&quot;,&quot;sizes&quot;:[]},&quot;_transform_translateX_effect_tablet&quot;:{&quot;unit&quot;:&quot;px&quot;,&quot;size&quot;:&quot;&quot;,&quot;sizes&quot;:[]},&quot;_transform_translateX_effect_mobile&quot;:{&quot;unit&quot;:&quot;px&quot;,&quot;size&quot;:&quot;&quot;,&quot;sizes&quot;:[]},&quot;_transform_translateY_effect_tablet&quot;:{&quot;unit&quot;:&quot;px&quot;,&quot;size&quot;:&quot;&quot;,&quot;sizes&quot;:[]},&quot;_transform_translateY_effect_mobile&quot;:{&quot;unit&quot;:&quot;px&quot;,&quot;size&quot;:&quot;&quot;,&quot;sizes&quot;:[]}}\" data-widget_type=\"text-editor.default\">\n\t\t\t\t<div class=\"elementor-widget-container\">\n\t\t\t\t\t\t\t\t\t<p>Bu 50 y\u0131l, sadece b\u00fcy\u00fcme ve d\u00f6n\u00fc\u015f\u00fcm\u00fcn de\u011fil, ayn\u0131 zamanda i\u015f birli\u011fi, dayan\u0131\u015fma ve s\u00fcrd\u00fcr\u00fclebilir ba\u015far\u0131lar\u0131n da bir hikayesidir. K\u00fctahya OSB olarak ge\u00e7mi\u015fte oldu\u011fu gibi, gelecekte de g\u00fc\u00e7l\u00fc ad\u0131mlarla ilerlemeye devam edece\u011fiz. Hep birlikte daha nice ba\u015far\u0131l\u0131 y\u0131llara!<\/p>\t\t\t\t\t\t\t\t<\/div>\n\t\t\t\t<\/div>\n\t\t\t\t<\/div>\n\t\t<div class=\"elementor-element elementor-element-df21c6b e-grid e-con-boxed e-con e-parent\" data-id=\"df21c6b\" data-element_type=\"container\">\n\t\t\t\t\t<div class=\"e-con-inner\">\n\t\t\t\t<div class=\"elementor-element elementor-element-ad828df elementor-widget elementor-widget-video\" data-id=\"ad828df\" data-element_type=\"widget\" data-settings=\"{&quot;youtube_url&quot;:&quot;https:\\\/\\\/youtu.be\\\/MQ6qczLUFbI&quot;,&quot;video_type&quot;:&quot;youtube&quot;,&quot;controls&quot;:&quot;yes&quot;}\" data-widget_type=\"video.default\">\n\t\t\t\t<div class=\"elementor-widget-container\">\n\t\t\t\t\t\t\t<div class=\"elementor-wrapper elementor-open-inline\">\n\t\t\t<div class=\"elementor-video\"><\/div>\t\t<\/div>\n\t\t\t\t\t\t<\/div>\n\t\t\t\t<\/div>\n\t\t\t\t<div class=\"elementor-element elementor-element-2255642 elementor-widget elementor-widget-video\" data-id=\"2255642\" data-element_type=\"widget\" data-settings=\"{&quot;youtube_url&quot;:&quot;https:\\\/\\\/www.youtube.com\\\/watch?v=LrZ-yUKm5NQ&quot;,&quot;video_type&quot;:&quot;youtube&quot;,&quot;controls&quot;:&quot;yes&quot;}\" data-widget_type=\"video.default\">\n\t\t\t\t<div class=\"elementor-widget-container\">\n\t\t\t\t\t\t\t<div class=\"elementor-wrapper elementor-open-inline\">\n\t\t\t<div class=\"elementor-video\"><\/div>\t\t<\/div>\n\t\t\t\t\t\t<\/div>\n\t\t\t\t<\/div>\n\t\t\t\t\t<\/div>\n\t\t\t\t<\/div>\n\t\t<div class=\"elementor-element elementor-element-195049e5 e-flex e-con-boxed e-con e-parent\" data-id=\"195049e5\" data-element_type=\"container\">\n\t\t\t\t\t<div class=\"e-con-inner\">\n\t\t<div class=\"elementor-element elementor-element-aa5acb5 e-grid e-con-full e-con e-child\" data-id=\"aa5acb5\" data-element_type=\"container\">\n\t\t\t\t<div class=\"elementor-element elementor-element-7d863d1 elementor-widget elementor-widget-image\" data-id=\"7d863d1\" data-element_type=\"widget\" data-widget_type=\"image.default\">\n\t\t\t\t<div class=\"elementor-widget-container\">\n\t\t\t\t\t\t\t\t\t\t\t\t\t\t\t\t<a href=\"https:\/\/www.kutahyaosb.org.tr\/last\/Y\u00fcklemeler\/Haber\/01-50.y\u0131l\/IMG_1261%20kopya.jpg?_t=1725623647\" data-elementor-open-lightbox=\"yes\" data-e-action-hash=\"#elementor-action%3Aaction%3Dlightbox%26settings%3DW10%3D\">\n\t\t\t\t\t\t\t<img decoding=\"async\" src=\"https:\/\/www.kutahyaosb.org.tr\/last\/Y\u00fcklemeler\/Haber\/01-50.y\u0131l\/IMG_1261%20kopya.jpg?_t=1725623647\" title=\"\" alt=\"\" loading=\"lazy\" \/>\t\t\t\t\t\t\t\t<\/a>\n\t\t\t\t\t\t\t\t\t\t\t\t\t\t\t<\/div>\n\t\t\t\t<\/div>\n\t\t\t\t<div class=\"elementor-element elementor-element-38ebf910 elementor-widget elementor-widget-image\" data-id=\"38ebf910\" data-element_type=\"widget\" data-widget_type=\"image.default\">\n\t\t\t\t<div class=\"elementor-widget-container\">\n\t\t\t\t\t\t\t\t\t\t\t\t\t\t\t\t<a href=\"https:\/\/www.kutahyaosb.org.tr\/last\/Y\u00fcklemeler\/Haber\/01-50.y\u0131l\/IMG_1274%20kopya.jpg?_t=1725623647\" data-elementor-open-lightbox=\"yes\" data-e-action-hash=\"#elementor-action%3Aaction%3Dlightbox%26settings%3DW10%3D\">\n\t\t\t\t\t\t\t<img decoding=\"async\" src=\"https:\/\/www.kutahyaosb.org.tr\/last\/Y\u00fcklemeler\/Haber\/01-50.y\u0131l\/IMG_1274%20kopya.jpg?_t=1725623647\" title=\"\" alt=\"\" loading=\"lazy\" \/>\t\t\t\t\t\t\t\t<\/a>\n\t\t\t\t\t\t\t\t\t\t\t\t\t\t\t<\/div>\n\t\t\t\t<\/div>\n\t\t\t\t<div class=\"elementor-element elementor-element-97264c7 elementor-widget elementor-widget-image\" data-id=\"97264c7\" data-element_type=\"widget\" data-widget_type=\"image.default\">\n\t\t\t\t<div class=\"elementor-widget-container\">\n\t\t\t\t\t\t\t\t\t\t\t\t\t\t\t\t<a href=\"https:\/\/www.kutahyaosb.org.tr\/last\/Y\u00fcklemeler\/Haber\/01-50.y\u0131l\/IMG_1286%20kopya.jpg?_t=1725623647\" data-elementor-open-lightbox=\"yes\" data-e-action-hash=\"#elementor-action%3Aaction%3Dlightbox%26settings%3DW10%3D\">\n\t\t\t\t\t\t\t<img decoding=\"async\" src=\"https:\/\/www.kutahyaosb.org.tr\/last\/Y\u00fcklemeler\/Haber\/01-50.y\u0131l\/IMG_1286%20kopya.jpg?_t=1725623647\" title=\"\" alt=\"\" loading=\"lazy\" \/>\t\t\t\t\t\t\t\t<\/a>\n\t\t\t\t\t\t\t\t\t\t\t\t\t\t\t<\/div>\n\t\t\t\t<\/div>\n\t\t\t\t<div class=\"elementor-element elementor-element-329f06 elementor-widget elementor-widget-image\" data-id=\"329f06\" data-element_type=\"widget\" data-widget_type=\"image.default\">\n\t\t\t\t<div class=\"elementor-widget-container\">\n\t\t\t\t\t\t\t\t\t\t\t\t\t\t\t\t<a href=\"https:\/\/www.kutahyaosb.org.tr\/last\/Y\u00fcklemeler\/Haber\/01-50.y\u0131l\/IMG_1296%20kopya.jpg?_t=1725623647\" data-elementor-open-lightbox=\"yes\" data-e-action-hash=\"#elementor-action%3Aaction%3Dlightbox%26settings%3DW10%3D\">\n\t\t\t\t\t\t\t<img decoding=\"async\" src=\"https:\/\/www.kutahyaosb.org.tr\/last\/Y\u00fcklemeler\/Haber\/01-50.y\u0131l\/IMG_1296%20kopya.jpg?_t=1725623647\" title=\"\" alt=\"\" loading=\"lazy\" \/>\t\t\t\t\t\t\t\t<\/a>\n\t\t\t\t\t\t\t\t\t\t\t\t\t\t\t<\/div>\n\t\t\t\t<\/div>\n\t\t\t\t<div class=\"elementor-element elementor-element-51605bd3 elementor-widget elementor-widget-image\" data-id=\"51605bd3\" data-element_type=\"widget\" data-widget_type=\"image.default\">\n\t\t\t\t<div class=\"elementor-widget-container\">\n\t\t\t\t\t\t\t\t\t\t\t\t\t\t\t\t<a href=\"https:\/\/www.kutahyaosb.org.tr\/last\/Y\u00fcklemeler\/Haber\/01-50.y\u0131l\/IMG_1313%20kopya.jpg?_t=1725623647\" data-elementor-open-lightbox=\"yes\" data-e-action-hash=\"#elementor-action%3Aaction%3Dlightbox%26settings%3DW10%3D\">\n\t\t\t\t\t\t\t<img decoding=\"async\" src=\"https:\/\/www.kutahyaosb.org.tr\/last\/Y\u00fcklemeler\/Haber\/01-50.y\u0131l\/IMG_1313%20kopya.jpg?_t=1725623647\" title=\"\" alt=\"\" loading=\"lazy\" \/>\t\t\t\t\t\t\t\t<\/a>\n\t\t\t\t\t\t\t\t\t\t\t\t\t\t\t<\/div>\n\t\t\t\t<\/div>\n\t\t\t\t<div class=\"elementor-element elementor-element-150c7394 elementor-widget elementor-widget-image\" data-id=\"150c7394\" data-element_type=\"widget\" data-widget_type=\"image.default\">\n\t\t\t\t<div class=\"elementor-widget-container\">\n\t\t\t\t\t\t\t\t\t\t\t\t\t\t\t\t<a href=\"https:\/\/www.kutahyaosb.org.tr\/last\/Y\u00fcklemeler\/Haber\/01-50.y\u0131l\/IMG_1331%20kopya.jpg?_t=1725623647\" data-elementor-open-lightbox=\"yes\" data-e-action-hash=\"#elementor-action%3Aaction%3Dlightbox%26settings%3DW10%3D\">\n\t\t\t\t\t\t\t<img decoding=\"async\" src=\"https:\/\/www.kutahyaosb.org.tr\/last\/Y\u00fcklemeler\/Haber\/01-50.y\u0131l\/IMG_1331%20kopya.jpg?_t=1725623647\" title=\"\" alt=\"\" loading=\"lazy\" \/>\t\t\t\t\t\t\t\t<\/a>\n\t\t\t\t\t\t\t\t\t\t\t\t\t\t\t<\/div>\n\t\t\t\t<\/div>\n\t\t\t\t<div class=\"elementor-element elementor-element-3251e8d1 elementor-widget elementor-widget-image\" data-id=\"3251e8d1\" data-element_type=\"widget\" data-widget_type=\"image.default\">\n\t\t\t\t<div class=\"elementor-widget-container\">\n\t\t\t\t\t\t\t\t\t\t\t\t\t\t\t\t<a href=\"https:\/\/www.kutahyaosb.org.tr\/last\/Y\u00fcklemeler\/Haber\/01-50.y\u0131l\/IMG_1372%20kopya.jpg?_t=1725623647\" data-elementor-open-lightbox=\"yes\" data-e-action-hash=\"#elementor-action%3Aaction%3Dlightbox%26settings%3DW10%3D\">\n\t\t\t\t\t\t\t<img decoding=\"async\" src=\"https:\/\/www.kutahyaosb.org.tr\/last\/Y\u00fcklemeler\/Haber\/01-50.y\u0131l\/IMG_1372%20kopya.jpg?_t=1725623647\" title=\"\" alt=\"\" loading=\"lazy\" \/>\t\t\t\t\t\t\t\t<\/a>\n\t\t\t\t\t\t\t\t\t\t\t\t\t\t\t<\/div>\n\t\t\t\t<\/div>\n\t\t\t\t<div class=\"elementor-element elementor-element-4aeae990 elementor-widget elementor-widget-image\" data-id=\"4aeae990\" data-element_type=\"widget\" data-widget_type=\"image.default\">\n\t\t\t\t<div class=\"elementor-widget-container\">\n\t\t\t\t\t\t\t\t\t\t\t\t\t\t\t\t<a href=\"https:\/\/www.kutahyaosb.org.tr\/last\/Y\u00fcklemeler\/Haber\/01-50.y\u0131l\/IMG_1404%20kopya.jpg?_t=1725623647\" data-elementor-open-lightbox=\"yes\" data-e-action-hash=\"#elementor-action%3Aaction%3Dlightbox%26settings%3DW10%3D\">\n\t\t\t\t\t\t\t<img decoding=\"async\" src=\"https:\/\/www.kutahyaosb.org.tr\/last\/Y\u00fcklemeler\/Haber\/01-50.y\u0131l\/IMG_1404%20kopya.jpg?_t=1725623647\" title=\"\" alt=\"\" loading=\"lazy\" \/>\t\t\t\t\t\t\t\t<\/a>\n\t\t\t\t\t\t\t\t\t\t\t\t\t\t\t<\/div>\n\t\t\t\t<\/div>\n\t\t\t\t<\/div>\n\t\t\t\t\t<\/div>\n\t\t\t\t<\/div>\n\t\t\t\t<\/div>\n\t\t","protected":false},"excerpt":{"rendered":"<p>K\u00fctahya Organize Sanayi B\u00f6lgesi, 1974 y\u0131l\u0131nda temellerini atarak, sanayi \u00fcretiminin \u00f6nc\u00fcs\u00fc olma yolunda b\u00fcy\u00fck bir ad\u0131m atm\u0131\u015ft\u0131r. Bug\u00fcn, 50 y\u0131l\u0131 geride b\u0131rak\u0131rken, b\u00f6lgedeki \u00fcretim g\u00fcc\u00fc, teknoloji ve yenilik\u00e7i vizyonu ile K\u00fctahya&#8217;n\u0131n ekonomik geli\u015fimine \u00f6nemli katk\u0131lar sa\u011flamaktad\u0131r.\u00a0 Bu 50 y\u0131l, sadece b\u00fcy\u00fcme ve d\u00f6n\u00fc\u015f\u00fcm\u00fcn de\u011fil, ayn\u0131 zamanda i\u015f birli\u011fi, dayan\u0131\u015fma ve s\u00fcrd\u00fcr\u00fclebilir ba\u015far\u0131lar\u0131n da bir hikayesidir. [&hellip;]<\/p>\n","protected":false},"author":1,"featured_media":0,"parent":0,"menu_order":0,"comment_status":"closed","ping_status":"closed","template":"elementor_header_footer","meta":{"_uag_custom_page_level_css":"","footnotes":""},"class_list":["post-4459","page","type-page","status-publish","hentry"],"uagb_featured_image_src":{"full":false,"thumbnail":false,"medium":false,"medium_large":false,"large":false,"1536x1536":false,"2048x2048":false,"consultio-large":false,"consultio-medium":false,"woocommerce_thumbnail":false,"woocommerce_single":false,"woocommerce_gallery_thumbnail":false,"quick_view_image_size":false},"uagb_author_info":{"display_name":"admin","author_link":"https:\/\/www.kutahyaosb.org.tr\/last\/home\/author\/admin\/"},"uagb_comment_info":0,"uagb_excerpt":"K\u00fctahya Organize Sanayi B\u00f6lgesi, 1974 y\u0131l\u0131nda temellerini atarak, sanayi \u00fcretiminin \u00f6nc\u00fcs\u00fc olma yolunda b\u00fcy\u00fck bir ad\u0131m atm\u0131\u015ft\u0131r. Bug\u00fcn, 50 y\u0131l\u0131 geride b\u0131rak\u0131rken, b\u00f6lgedeki \u00fcretim g\u00fcc\u00fc, teknoloji ve yenilik\u00e7i vizyonu ile K\u00fctahya&#8217;n\u0131n ekonomik geli\u015fimine \u00f6nemli katk\u0131lar sa\u011flamaktad\u0131r.\u00a0 Bu 50 y\u0131l, sadece b\u00fcy\u00fcme ve d\u00f6n\u00fc\u015f\u00fcm\u00fcn de\u011fil, ayn\u0131 zamanda i\u015f birli\u011fi, dayan\u0131\u015fma ve s\u00fcrd\u00fcr\u00fclebilir ba\u015far\u0131lar\u0131n da bir hikayesidir.&hellip;","_links":{"self":[{"href":"https:\/\/www.kutahyaosb.org.tr\/last\/home\/wp-json\/wp\/v2\/pages\/4459","targetHints":{"allow":["GET"]}}],"collection":[{"href":"https:\/\/www.kutahyaosb.org.tr\/last\/home\/wp-json\/wp\/v2\/pages"}],"about":[{"href":"https:\/\/www.kutahyaosb.org.tr\/last\/home\/wp-json\/wp\/v2\/types\/page"}],"author":[{"embeddable":true,"href":"https:\/\/www.kutahyaosb.org.tr\/last\/home\/wp-json\/wp\/v2\/users\/1"}],"replies":[{"embeddable":true,"href":"https:\/\/www.kutahyaosb.org.tr\/last\/home\/wp-json\/wp\/v2\/comments?post=4459"}],"version-history":[{"count":49,"href":"https:\/\/www.kutahyaosb.org.tr\/last\/home\/wp-json\/wp\/v2\/pages\/4459\/revisions"}],"predecessor-version":[{"id":4753,"href":"https:\/\/www.kutahyaosb.org.tr\/last\/home\/wp-json\/wp\/v2\/pages\/4459\/revisions\/4753"}],"wp:attachment":[{"href":"https:\/\/www.kutahyaosb.org.tr\/last\/home\/wp-json\/wp\/v2\/media?parent=4459"}],"curies":[{"name":"wp","href":"https:\/\/api.w.org\/{rel}","templated":true}]}}